
22
Suppose 3*t - 3 = -l + 6, 2*t - 14 = -2*l. Suppose -14*o = l*o - 980. What is the greatest common divisor of o and 539?
49
Let p be 2 + (-21)/15 + (-132)/(-30). Let j(k) = -k**2 + 16*k - 52. Let f be j(p). Calculate the highest common factor of f and 6.
3
Suppose -23*v + 6835 = 17*v - 725. What is the greatest common factor of v and 357?
21
Let x be (-226)/(-14) - (-5)/(-35). Let a be (108/x)/(3/(-8)). Let q be ((-6)/a)/(1/51). Calculate the highest common divisor of q and 153.
17
Suppose 0 = -3*f + r + 356, -4*f - 167*r + 476 = -168*r. Let l(u) = -u**3 + 8*u**2 - 5*u + 6. Let c be l(6). What is the greatest common factor of f and c?
24
Suppose 0*m = -4*m - 5*o + 181, 0 = m + 3*o - 54. Suppose -m*r = -8*r - 1023. Let p be (-33)/((2/(-14))/1). What is the greatest common factor of r and p?
33
Suppose 619 = -3642*i + 3688*i - 71. Suppose -31 = -3*z - 4. What is the highest common factor of z and i?
3
Let l = -6210 + 6570. Calculate the greatest common divisor of 1755 and l.
45
Let k = -46 - -52. Let l(d) = 2*d**2 - 6*d + 6. Let f be l(k). Suppose 0 = 3*x + 4*g - f, -x + 22 = -3*g - 5. Calculate the greatest common factor of x and 18.
18
Let u be (3 - 4)/(2/(-22)). Let m(y) = y**3 + 9*y**2 + 2*y + 5. Let f be m(-4). What is the highest common factor of f and u?
11
Let r = 1842 - 1805. Calculate the highest common factor of r and 629.
37
Let t = -14683 + 14750. Calculate the greatest common factor of 6432 and t.
67
Let g = 335 + -97. Let t = g - 94. Calculate the highest common factor of 252 and t.
36
Let r = -601 - -317. Let q = r + 466. Calculate the greatest common factor of q and 52.
26
Let p be 2*(-22)/((-132)/270). What is the greatest common divisor of p and 1098?
18
Suppose 5*t - 2*y - 60 + 18 = 0, 4*y = 2*t - 20. Let q be (6/(-12))/(-2 - 1245/(-624)). Calculate the highest common factor of q and t.
8
Suppose -3*s = -2*s + l - 8, 2*l = 5*s - 68. Suppose 13*k - 36 = s*k. Suppose 2*u + 4*j = 7 + 53, 5*j - 39 = -u. What is the greatest common divisor of u and k?
12
Let b(d) = 87*d + 1320. Let a be b(-5). Calculate the greatest common factor of a and 10.
5
Suppose 41*n - 49*n = 120. Let p be ((-108)/15)/(6/n). What is the highest common factor of 48 and p?
6
Suppose -48*j = -37*j - 7368 - 8307. Calculate the greatest common divisor of j and 825.
75
Let w(x) = -x**3 + 20*x**2 + 45*x - 17. Let n be w(22). Suppose n*s - 6*s - 83 = -b, 2*b - 148 = -4*s. Calculate the greatest common divisor of 48 and b.
16
Let b be (-143)/13 + (-1115)/(-5). Suppose b*t - 215*t = g + 4, -3*g = -3*t - 48. Let i = -94 + 182. Calculate the greatest common divisor of i and g.
11
Suppose -7*f + 3*f - 56 = 0. Let r = 22 - f. Suppose 5*q - 78 = -m + r, -3*q + 50 = -4*m. Calculate the highest common factor of q and 33.
11
Let j be (-1197)/441*(0 - 77). Calculate the highest common factor of 1177 and j.
11
Let h = -3473 - -3491. Calculate the greatest common factor of 1458 and h.
18
Let n(q) = -8*q + 90 + 126 - 64. Let b be n(18). What is the greatest common factor of 344 and b?
8
Let b(a) = -a**3 - 5*a**2 - 3*a + 21. Suppose 22*g + 101 = -9. Let y be b(g). What is the highest common factor of 8 and y?
4
Let r = 5099 - 4869. Calculate the highest common factor of 200 and r.
10
Suppose 14856 = 26*p - 54*p + 31*p. What is the highest common divisor of 8 and p?
8
Let l = -64 - -302. Let y be 1 + -3 - (165/11 + -85). Calculate the highest common divisor of l and y.
34
Let m be 2*-1*(-8 + 26/13). Let j = -18 - -30. What is the greatest common factor of m and j?
12
Let u be ((-8)/14)/(49/(-74235)*(-6)/(-7)). What is the greatest common factor of 2222 and u?
202
Let s be 629/3 - 3/(-9). Let z = 121 + -118. Let r be -4*((-23)/z + 4/24). What is the highest common divisor of r and s?
30
Suppose 37*m - 60655 + 55623 = 0. What is the greatest common divisor of m and 1296?
8
Suppose -3433 = -4*p - 5*m, 25*p - 24*p - 4*m = 811. What is the greatest common factor of p and 968?
121
Let j(g) = -4*g + 27. Let m be j(12). Let u be -23 + (36/m - 4/14). Let s be 6/(-2 + (-52)/u). Calculate the highest common factor of s and 15.
15
Suppose 0 = -16*o - 170 + 1130. Suppose 177*r - o = 173*r. What is the greatest common factor of r and 135?
15
Let n(h) = h**2 + h + 1. Let j be n(-1). Let k be 61 + 0/j + 1. Let a be 434/4*(11154/273 + -40). What is the greatest common factor of a and k?
31
Suppose -5*l + 1100 = 2*g, -4*g + 14*g + 4*l - 5416 = 0. Calculate the greatest common factor of g and 590.
10
Let h = 19 + -10. Let m(n) = -3*n**2 + 24*n + 20. Let d be m(8). Suppose 4*k - 51 = 3*x, -5*k + 5*x = -d - 50. What is the greatest common divisor of h and k?
9
Suppose -5*q - 5*t = -4515, 0 = -807*q + 810*q + 7*t - 2705. What is the greatest common factor of q and 28?
4
Let f = 2384 - 816. Suppose 276*n = 272*n + f. What is the greatest common factor of n and 24?
8
Let o(w) = 28*w**2 + 618*w - 309. Let l be o(-42). What is the highest common factor of 78 and l?
39
Let h(x) = -2*x**3 + 5*x**2 - 27*x - 4. Let l be h(9). Let c be ((l/6)/(-2))/(5/15). Calculate the highest common divisor of 13 and c.
13
Let g = 16 - -424. Suppose 7*t - 2*t = g. Suppose 11 = -0*c + c. Calculate the highest common factor of t and c.
11
Suppose -3*l + 1412 = -3*o + o, -4 = o. Let h = l - 449. Suppose -2*r - 1055 = -5*g, 612 = 3*g - r + 4*r. What is the highest common factor of h and g?
19
Suppose 2*g = -5*j + 1538, -g + 373 = 4*j - 387. What is the greatest common divisor of 1904 and g?
112
Suppose 9440 = 40*w - 44*w + 44*w. What is the greatest common divisor of 3658 and w?
118
Let u = -306 + 306. Suppose 5*p - p + 3*v - 302 = u, 0 = -2*p - 3*v + 154. What is the highest common factor of 296 and p?
74
Suppose 5569*v = 5539*v + 5340. What is the highest common divisor of v and 2403?
89
Let u be -445*(-255)/(-525)*(-2 - 5). What is the highest common factor of u and 731?
17
Let u be (350/6)/((-38)/342)*(-40)/30. Calculate the highest common factor of 2415 and u.
35
Suppose 3*f - 1909 = 5*a, 0 = -4*f - a + 624 + 1929. Let x = f - 390. Calculate the highest common factor of x and 31.
31
Suppose 4*u - 2011 = -w + 3218, -u + 1269 = -4*w. Calculate the highest common divisor of 58 and u.
29
Suppose -31*a - 34*a + 8190 = 0. What is the highest common divisor of 72 and a?
18
Suppose -33 = -x - 0. Let k = 73 + -72. Let s be ((-18)/(-9) - 2/k) + 3. Calculate the highest common factor of s and x.
3
Let q = 210 - 210. Let r be 2 + 2 - 4 - (q - 10). Let g = -39 + 64. What is the highest common divisor of g and r?
5
Let h(w) = -w**3 - 21*w**2 - 32*w + 142. Let a be h(-19). What is the greatest common factor of 2968 and a?
28
Let p(x) be the first derivative of -x**3/3 + 9*x**2/2 - 3*x - 11. Let y be p(8). Let c be (-2)/(-1) + 0/y. What is the highest common factor of c and 2?
2
Let f(g) = 2*g + 2. Let s = 2 - -2. Let i(b) = -b - 1. Let z(v) = s*f(v) + 7*i(v). Let d be z(6). Calculate the highest common divisor of d and 1.
1
Let c = 3363 + -2627. What is the greatest common divisor of c and 16?
16
Let n(d) = 2*d**2 + 10*d - 16. Suppose -3*x + 2*h - 16 = 0, -14*x - 5*h - 52 = -10*x. Let z be n(x). Calculate the highest common divisor of 20 and z.
4
Suppose 2*p - 82 = -4*v, -3*v - 2*v + p = -99. Suppose -v*w + 587 + 453 = 0. What is the highest common divisor of 4 and w?
4
Let x = 3106 + -3082. Calculate the highest common divisor of x and 744.
24
Suppose 0 = 2*p - 5*p - 18. Let x(l) = -l**3 - 5*l**2 + 6*l + 45. Let r be x(p). What is the greatest common divisor of 15 and r?
15
Let q(g) = g**3 - 27*g**2 + 151*g + 9. Let u be q(21). What is the greatest common divisor of u and 21?
3
Let j be 1/(-3)*(-48)/4. Suppose 5*t + 2 + 2 = j*s, 26 = s + 5*t. Suppose 0 = 12*n - 245 + 29. Calculate the highest common factor of n and s.
6
Suppose -3*v - 2*v + 4*i = 0, -10 = -2*i. Suppose -3*w - 2*m = -2320, 2*w - v*m - 1552 = -0*m. Calculate the highest common divisor of 43 and w.
43
Suppose 5*m = -5*n + 6455, -3*n = 7*m - 2*m - 6453. What is the highest common divisor of m and 120?
30
Let s(k) = 25*k**3 - k**2. Let i be s(-1). Let j(c) = -4*c - 64. Let x be j(i). What is the greatest common factor of x and 152?
8
Let h(g) = 2*g**3 + 108*g**2 - 19*g - 204. Let s be h(-54). Calculate the highest common factor of s and 42.
6
Suppose 543*l + 3*a = 547*